e l*a + 3*q = 7*a - 100, 54 = 3*a - 3*q. List the prime factors of a.
23
Let k = 5 - -6. What are the prime factors of k?
11
Let q(s) = 2*s. List the prime factors of q(7).
2, 7
Suppose -8*b + 3*z + 37 = -3*b, -2*b + 14 = -z. Suppose -3*k + 18 = 3*o, 0*k - 4*k - 48 = -b*o. List the prime factors of o.
2
Suppose 8 + 14 = -2*z. Let f = 21 + z. What are the prime factors of f?
2, 5
Suppose 0 = -3*k + 302 - 41. List the prime factors of k.
3, 29
Let o(d) = d**3 + d**2 + d + 11. Let k(u) = u**2 - 2*u - 3. Let j be k(3). Let n be o(j). Let y = -4 + n. List the prime factors of y.
7
Let d(l) = l**3 - 10*l**2 + 2*l - 11. Let a be d(10). Suppose -3*y + 30 = -v, a = 4*y - 2*v - 31. Suppose -3*m = -4*m + y. What are the prime factors of m?
2, 5
Let b(u) be the second derivative of -u**6/720 + u**5/30 + u**4/12 + 4*u. Let o(r) be the third derivative of b(r). What are the prime factors of o(-5)?
3
Let m = -8 - -12. Let x(r) = -6*r - 2. Let j(s) = 5*s + 1. Let w(a) = 4*j(a) + 3*x(a). What are the prime factors of w(m)?
2, 3
Let k = 72 - 28. List the prime factors of (0 + k)/(0 + 2).
2, 11
Let t be 3 + (-7 - -1) - -6. Suppose 5*d + 2*c = 70, 28 = 2*d + 2*c + t*c. What are the prime factors of d?
2, 7
Let c = 470 - 261. What are the prime factors of c?
11, 19
Let u(j) = -2 - 2 + j**2 - 10*j - 2*j**2 + 2*j. Suppose -3*q - 20 = q. List the prime factors of u(q).
11
Let p(m) be the second derivative of -1/12*m**4 - 11/6*m**3 + 0 - 3*m**2 + m. List the prime factors of p(-9).
2, 3
Let d be (-258)/(-5) + 33/(-55). Let q = d + -24. What are the prime factors of q?
3
Let v be 2*(1 - (1 + -1)). What are the prime factors of (v + -4)/(2/(-25))?
5
Let i be 2 + 0 + 2 + 5. Suppose 5*q = 3*y + i, -2 = -2*y - 2*y + 2*q. Let r(b) = 3*b. What are the prime factors of r(y)?
2, 3
Suppose -370 + 120 = -5*g. List the prime factors of g.
2, 5
Let c = -10 + 9. List the prime factors of 3 + c*-8*1.
11
Let l = 7 - 2. Suppose 0 = -l*a - 10, 0*t - 1 = -t - 5*a. What are the prime factors of t?
11
Let l(p) = -p + 2. Suppose 3*c + c - 4 = 0. Let y be (1/(-1) - c) + 0. List the prime factors of l(y).
2
Let n(y) = y**2 + 6*y - 5. Let t be n(-8). Let i(r) = -r**3 + 11*r**2 + 3*r - 12. List the prime factors of i(t).
3, 7
Let v = -8 + 13. Suppose -v + 1 = -2*y. Suppose 0*t - 14 = -y*t. What are the prime factors of t?
7
Let c(w) = w**2 + 5*w - 2. Let o be c(5). Let u be ((-6)/10)/((-11)/55). Suppose 6*n - o = u*n. List the prime factors of n.
2
Let m(r) = r - 2. Let j be m(2). Suppose -4*l = -j*l. Suppose -k = -2*s - l*s + 9, -3 = s - 2*k. What are the prime factors of s?
7
Suppose -4*d + 3*d = -3. Suppose -5 = -8*x + 3*x. What are the prime factors of d + -2 + x + 3?
5
Let b(s) = -s**2 - 10*s + 15. Let v be b(-11). Suppose 0 = 3*d - 0*d. Suppose x - 4*r = 20, v*r + d*r + 32 = 2*x. List the prime factors of x.
2, 3
Let z(h) = h - 7. Let p be z(6). What are the prime factors of (7/(-1))/(0 + p)?
7
Suppose 0 = -10*w + 950 + 280. List the prime factors of w.
3, 41
Suppose -190 - 680 = -6*o. What are the prime factors of o?
5, 29
Let b(n) = -n**2 - 9*n - 3. Let t be b(-8). Let h = t + -1. Suppose -4*x = c - 49, h*x = c + 3*c + 64. What are the prime factors of x?
13
Let u = 4 - -2. Suppose -u = -2*c + 4*r - 2, -2*c + 12 = 4*r. What are the prime factors of c?
2
List the prime factors of -4 + -1 + 2 + 72.
3, 23
Suppose -5*f + 43 = 3*l, -4*l + 0*f + 9 = -3*f. Let d be 116/10 + l/15. Let z = d + -2. What are the prime factors of z?
2, 5
Suppose 7 + 19 = -2*v. Let h = v - 12. Let c = h + 43. List the prime factors of c.
2, 3
Let a(w) be the second derivative of -5/6*w**3 - w + 0 - 1/2*w**2. What are the prime factors of a(-1)?
2
Suppose 3*a = -2*a - 5. Let c be -2*a/((-4)/(-6)). Suppose 2*z - 11 = -3*r - 1, 4*z = -c*r + 14. List the prime factors of r.
2
Suppose 2 = -2*z + 2*l, 1 = 2*l - 1. Suppose -d + 9 = 5*i, 4*d + i + 6 - 23 = z. Suppose -2*v + 3*v = d. What are the prime factors of v?
2
Let o = 5 + -2. Suppose 7 = -o*f - 17. Let d(x) = -x**2 - 10*x - 7. List the prime factors of d(f).
3
Let n be (-2)/(-3)*(24 - -3). Suppose 4*f - n - 18 = -4*r, 3*f - 31 = -5*r. List the prime factors of f.
7
Let d be 2/(-4)*(1 - 1). Suppose d = -h - 4 + 22. Suppose 0*u = 3*u - h. What are the prime factors of u?
2, 3
Let k(c) = 2*c - 16. Let d be k(11). Let z(v) = d*v - 3*v + 4*v. List the prime factors of z(1).
7
Let a(v) = v**2 + 7*v + 2. Let w be a(-7). Let y(i) = -5*i**2 - i + 17*i**w + 2*i + 1. List the prime factors of y(-1).
2, 3
Suppose -2*b = 3*k - 72, 4*k - 3*b + 41 - 154 = 0. List the prime factors of k.
2, 13
Let f(h) = h**2 + 4*h + 6. What are the prime factors of f(4)?
2, 19
Let o(h) = h**3 - 6*h**2 + 3*h + 2. What are the prime factors of o(6)?
2, 5
Let g(h) = h**3 + 4*h**2 + 1. Let y be g(-4). Let w be (y/3)/(1/6). Suppose w*x - 3 - 3 = 0. What are the prime factors of x?
3
Let l = 5 - 7. Let t = l + 2. Suppose 5*b - 55 = -t*b. List the prime factors of b.
11
Suppose -19 = -2*u + 39. Suppose -u = 4*m - 85. List the prime factors of m.
2, 7
Let v(q) = -q**3 - 4*q**2 - q + 3. Let l be v(-3). Let r = 0 - l. Suppose 0 = -4*p + 4*y + 64, y - 62 = -4*p + r*y. What are the prime factors of p?
3, 5
Let q be 1 + 0 - (2 + -1). Suppose q = -5*x - 3 + 18. What are the prime factors of x?
3
Let p(x) = x - 1. Let h be p(3). Suppose 0 = -h*b - 3*b + 100. List the prime factors of b.
2, 5
Let t(p) = 4*p**2 + 6*p + 14. What are the prime factors of t(-6)?
2, 61
Let x(u) = -u + 4. Let o be x(4). Suppose g - 5*i = -7, -3*g + i - 6*i + 19 = o. Suppose g*j - j - 20 = 0. List the prime factors of j.
2, 5
Suppose -125 = -5*o - w, -2*w = w. Let x = 39 - o. What are the prime factors of x?
2, 7
Let v be (-1)/(-3) + 2/3. Suppose f + v = 2. What are the prime factors of 1 - 20/(f*-2)?
11
Suppose -5*b - 36 = -171. Let d = -46 + b. List the prime factors of -2*1 - (6 + d).
11
Let c be (-22)/(-8) - (-18)/72. Suppose 0 = -3*w - 6, 0 = -g + c*w - 1 + 30. List the prime factors of g.
23
Let v(m) = m**3 + 11*m**2 - 17*m. List the prime factors of v(-12).
2, 3, 5
Let w = 3 + -4. Suppose 5*d = -3 + 18. What are the prime factors of (2 - d)*w - -8?
3
List the prime factors of (2/(-4) + 0)*-3*20.
2, 3, 5
Let y be (4 + (-2156)/8)*2. List the prime factors of y/(-15) + (-6)/15.
5, 7
List the prime factors of 2/4*(-492)/(-6).
41
What are the prime factors of (-1 + 1 - -219)/(18/12)?
2, 73
Let l(m) = -m - 1. Let t be l(-6). Suppose 51 = -t*w - 24. What are the prime factors of 6/w*10*-1?
2
Let h(w) = 5*w. Let a be h(-3). Let x = a + 30. List the prime factors of x.
3, 5
Let j = -7 + 4. What are the prime factors of (-23)/j + 2/6?
2
Suppose 3*k - 2*k + 4 = 0. Let o(h) = 0*h**2 + h**3 - h + 2 + h**2 + 3*h**2. What are the prime factors of o(k)?
2, 3
Let a = 3 + -2. Let h = a - -1. Suppose 8 = h*z + 2*z. What are the prime factors of z?
2
Let c(r) = -r**2 + 8. Let k be -1*2 + 0 - -2. What are the prime factors of c(k)?
2
Let d = -10 + 14. Suppose d*m - 25 - 27 = 0. Suppose -2*s - 24 = -4*b, m = 3*b + s - 0*s. List the prime factors of b.
5
Let u(b) be the second derivative of -b**3 + 3*b**2/2 + b. What are the prime factors of u(-2)?
3, 5
Let n be (-9)/3 - (-1 - 5). Suppose 3*m = v - 2*m + 13, 1 = 5*v - n*m. What are the prime factors of v?
2
Let h(l) = l + 1. Let i be h(1). Let v(x) = 7*x**3 - 3*x**2 + 2*x - 2. List the prime factors of v(i).
2, 23
Let y(v) = v**2 - 4. Let l be y(3). Suppose q - 17 = -z - 0*q, 5*z - 75 = l*q. What are the prime factors of z?
2
Let k(j) = -j**3 + 6*j**2 + 7. Let y be (-4)/12 - (-46)/(-6). Let c = 14 + y. List the prime factors of k(c).
7
Suppose x + 2*f + 11 + 10 = 0, -x + 2*f - 5 = 0. Let z = -6 - x. Let j = z - 4. What are the prime factors of j?
3
Let s(q) = 2*q + 19. What are the prime factors of s(-8)?
3
Suppose -43*a + 47*a = 1144. What are the prime factors of a?
2, 11, 13
Suppose 6 + 2 = -2*s, -4*s = 4*o - 4. Let w(p) be the third derivative of p**4/12 + p**3/6 + p**2. What are the prime factors of w(o)?
11
Let n be ((-2)/(-6))/((-2)/(-30)). Suppose 5*z + 0 = -2*x + 24, -n*x + 3 = 3*z. What are the prime factors of z?
2, 3
Suppose 4*z + 2*l - 147 = l, 0 = 2*l + 10. Suppose i - 3*i - z = -2*r, 4*i = 2*r - 44. List the prime factors of r.
2
Let r be 0 - 7/(-2)*8. Suppose -5 = -n - 2. Suppose 0